{"id":20,"date":"2025-05-08T15:10:18","date_gmt":"2025-05-08T13:10:18","guid":{"rendered":"https:\/\/bramy-garazowe24.pl\/?page_id=20"},"modified":"2025-06-06T12:53:59","modified_gmt":"2025-06-06T10:53:59","slug":"realizacje","status":"publish","type":"page","link":"https:\/\/bramy-garazowe24.pl\/index.php\/realizacje\/","title":{"rendered":"Realizacje"},"content":{"rendered":"<style>.kb-row-layout-id20_5d67ef-2f > .kt-row-column-wrap{align-content:start;}:where(.kb-row-layout-id20_5d67ef-2f > .kt-row-column-wrap) > .wp-block-kadence-column{justify-content:start;}.kb-row-layout-id20_5d67ef-2f > .kt-row-column-wrap{column-gap:var(--global-kb-gap-md, 2rem);row-gap:var(--global-kb-gap-md, 2rem);max-width:var( --global-content-width, 1440px );padding-left:var(--global-content-edge-padding);padding-right:var(--global-content-edge-padding);padding-top:var(--global-kb-spacing-sm, 1.5rem);padding-bottom:var(--global-kb-spacing-sm, 1.5rem);grid-template-columns:minmax(0, 1fr);}.kb-row-layout-id20_5d67ef-2f > .kt-row-layout-overlay{opacity:0.30;}@media all and (max-width: 1024px){.kb-row-layout-id20_5d67ef-2f > .kt-row-column-wrap{grid-template-columns:minmax(0, 1fr);}}@media all and (max-width: 767px){.kb-row-layout-id20_5d67ef-2f > .kt-row-column-wrap{grid-template-columns:minmax(0, 1fr);}}<\/style><div class=\"kb-row-layout-wrap kb-row-layout-id20_5d67ef-2f alignnone wp-block-kadence-rowlayout\"><div class=\"kt-row-column-wrap kt-has-1-columns kt-row-layout-equal kt-tab-layout-inherit kt-mobile-layout-row kt-row-valign-top kb-theme-content-width\">\n<style>.kadence-column20_60c76b-ea > .kt-inside-inner-col,.kadence-column20_60c76b-ea > .kt-inside-inner-col:before{border-top-left-radius:0px;border-top-right-radius:0px;border-bottom-right-radius:0px;border-bottom-left-radius:0px;}.kadence-column20_60c76b-ea > .kt-inside-inner-col{column-gap:var(--global-kb-gap-sm, 1rem);}.kadence-column20_60c76b-ea > .kt-inside-inner-col{flex-direction:column;}.kadence-column20_60c76b-ea > .kt-inside-inner-col > .aligncenter{width:100%;}.kadence-column20_60c76b-ea > .kt-inside-inner-col:before{opacity:0.3;}.kadence-column20_60c76b-ea{position:relative;}@media all and (max-width: 1024px){.kadence-column20_60c76b-ea > .kt-inside-inner-col{flex-direction:column;justify-content:center;}}@media all and (max-width: 767px){.kadence-column20_60c76b-ea > .kt-inside-inner-col{flex-direction:column;justify-content:center;}}<\/style>\n<div class=\"wp-block-kadence-column kadence-column20_60c76b-ea\"><div class=\"kt-inside-inner-col\"><style>.wp-block-kadence-advancedheading.kt-adv-heading20_ba6745-a9, .wp-block-kadence-advancedheading.kt-adv-heading20_ba6745-a9[data-kb-block=\"kb-adv-heading20_ba6745-a9\"]{margin-bottom:var(--global-kb-spacing-xs, 1rem);font-style:normal;text-transform:uppercase;}.wp-block-kadence-advancedheading.kt-adv-heading20_ba6745-a9 mark.kt-highlight, .wp-block-kadence-advancedheading.kt-adv-heading20_ba6745-a9[data-kb-block=\"kb-adv-heading20_ba6745-a9\"] mark.kt-highlight{font-style:normal;color:#f76a0c;-webkit-box-decoration-break:clone;box-decoration-break:clone;padding-top:0px;padding-right:0px;padding-bottom:0px;padding-left:0px;}.wp-block-kadence-advancedheading.kt-adv-heading20_ba6745-a9 img.kb-inline-image, .wp-block-kadence-advancedheading.kt-adv-heading20_ba6745-a9[data-kb-block=\"kb-adv-heading20_ba6745-a9\"] img.kb-inline-image{width:150px;vertical-align:baseline;}@media all and (max-width: 767px){.wp-block-kadence-advancedheading.kt-adv-heading20_ba6745-a9, .wp-block-kadence-advancedheading.kt-adv-heading20_ba6745-a9[data-kb-block=\"kb-adv-heading20_ba6745-a9\"]{text-align:center!important;}}<\/style>\n<div class=\"kt-adv-heading20_ba6745-a9 wp-block-kadence-advancedheading has-theme-palette-1-color has-text-color\" data-kb-block=\"kb-adv-heading20_ba6745-a9\">POZNAJ NAS<\/div>\n\n\n<style>.wp-block-kadence-advancedheading.kt-adv-heading20_487d13-dd, .wp-block-kadence-advancedheading.kt-adv-heading20_487d13-dd[data-kb-block=\"kb-adv-heading20_487d13-dd\"]{margin-top:0px;margin-bottom:var(--global-kb-spacing-lg, 3rem);font-size:var(--global-kb-font-size-xl, 3rem);line-height:1.2;font-style:normal;}.wp-block-kadence-advancedheading.kt-adv-heading20_487d13-dd mark.kt-highlight, .wp-block-kadence-advancedheading.kt-adv-heading20_487d13-dd[data-kb-block=\"kb-adv-heading20_487d13-dd\"] mark.kt-highlight{font-style:normal;color:#f76a0c;-webkit-box-decoration-break:clone;box-decoration-break:clone;padding-top:0px;padding-right:0px;padding-bottom:0px;padding-left:0px;}.wp-block-kadence-advancedheading.kt-adv-heading20_487d13-dd img.kb-inline-image, .wp-block-kadence-advancedheading.kt-adv-heading20_487d13-dd[data-kb-block=\"kb-adv-heading20_487d13-dd\"] img.kb-inline-image{width:150px;vertical-align:baseline;}@media all and (max-width: 1024px){.wp-block-kadence-advancedheading.kt-adv-heading20_487d13-dd, .wp-block-kadence-advancedheading.kt-adv-heading20_487d13-dd[data-kb-block=\"kb-adv-heading20_487d13-dd\"]{text-align:center!important;}}<\/style>\n<h2 class=\"kt-adv-heading20_487d13-dd wp-block-kadence-advancedheading has-theme-palette-3-color has-text-color\" data-kb-block=\"kb-adv-heading20_487d13-dd\">Nasze realizacje<\/h2>\n\n\n<style>.wp-block-kadence-advancedheading.kt-adv-heading20_413631-ae, .wp-block-kadence-advancedheading.kt-adv-heading20_413631-ae[data-kb-block=\"kb-adv-heading20_413631-ae\"]{font-style:normal;}.wp-block-kadence-advancedheading.kt-adv-heading20_413631-ae mark.kt-highlight, .wp-block-kadence-advancedheading.kt-adv-heading20_413631-ae[data-kb-block=\"kb-adv-heading20_413631-ae\"] mark.kt-highlight{font-style:normal;color:#f76a0c;-webkit-box-decoration-break:clone;box-decoration-break:clone;padding-top:0px;padding-right:0px;padding-bottom:0px;padding-left:0px;}.wp-block-kadence-advancedheading.kt-adv-heading20_413631-ae img.kb-inline-image, .wp-block-kadence-advancedheading.kt-adv-heading20_413631-ae[data-kb-block=\"kb-adv-heading20_413631-ae\"] img.kb-inline-image{width:150px;vertical-align:baseline;}@media all and (max-width: 1024px){.wp-block-kadence-advancedheading.kt-adv-heading20_413631-ae, .wp-block-kadence-advancedheading.kt-adv-heading20_413631-ae[data-kb-block=\"kb-adv-heading20_413631-ae\"]{text-align:center!important;}}<\/style>\n<p class=\"kt-adv-heading20_413631-ae wp-block-kadence-advancedheading has-theme-palette-4-color has-text-color\" data-kb-block=\"kb-adv-heading20_413631-ae\">Setki zadowolonych klient\u00f3w w ca\u0142ej Polsce ju\u017c korzysta z naszych bram i gara\u017cy. Ka\u017cda realizacja to dla nas priorytet i zobowi\u0105zanie do najwy\u017cszej jako\u015bci wykonania oraz terminowego monta\u017cu.<\/p>\n<\/div><\/div>\n\n<\/div><\/div>\n\n<div class=\"wp-block-kadence-query wp-block-kadence-query20_b0adf0-1b kadence-query-init kb-query-basic-style animation-overlay kb-query wp-block-kadence-query\" data-id=\"106\" data-infinite-scroll=\"\">\n<style>.wp-block-kadence-query-card8_9824c6-ab.wp-block-kadence-query-card .kb-query-grid-wrap{grid-template-columns:repeat(3, 1fr);row-gap:var(--global-kb-gap-md, 2rem);column-gap:var(--global-kb-gap-md, 2rem);}.wp-block-kadence-query-card8_9824c6-ab .kb-query-grid-wrap .kb-query-item.kb-query-block-post{background:normal;}.wp-block-kadence-query-card8_9824c6-ab .kb-query-grid-wrap .kb-query-item.kb-query-block-post:hover{background:normal;}@media all and (max-width: 1024px){.wp-block-kadence-query-card8_9824c6-ab.wp-block-kadence-query-card .kb-query-grid-wrap{grid-template-columns:repeat(2, 1fr);}}@media all and (max-width: 767px){.wp-block-kadence-query-card8_9824c6-ab.wp-block-kadence-query-card .kb-query-grid-wrap{grid-template-columns:repeat(1, 1fr);}}<\/style><div class=\"wp-block-kadence-query-card8_9824c6-ab wp-block-kadence-query-card\" data-max-num-pages=\"1\"><div class=\"overlay\"><\/div><ul class=\"kb-query-grid-wrap\"><li class=\"kb-query-item kb-query-block-post post-293 realizacja type-realizacja status-publish has-post-thumbnail hentry category-realizacje\"><div class=\"kb-query-item-flip-back\"><\/div>\n<style>.kt-img-overlay8_21a825-b2293 .kt-image-overlay-wrap{max-width:768px;overflow:hidden;}.kt-img-overlay8_21a825-b2293 .kt-image-overlay-wrap .kt-block-intrisic{padding-bottom:100%;}.kt-img-overlay8_21a825-b2293 .kt-image-overlay-wrap:has(:focus-visible) .kt-image-overlay-color-wrapper{opacity:0.3 !important;}.kt-img-overlay8_21a825-b2293 .kt-image-overlay-wrap:hover .kt-image-overlay-color-wrapper{opacity:0.3 !important;}.kt-img-overlay8_21a825-b2293 .kt-image-overlay-color{background-color:var(--global-palette3, #1A202C);opacity:1;}.kt-img-overlay8_21a825-b2293 .kt-image-overlay-message{border-top:0px solid rgba(255,255,255,0.8);border-right:0px solid rgba(255,255,255,0.8);border-bottom:0px solid rgba(255,255,255,0.8);border-left:0px solid rgba(255,255,255,0.8);inset:24px;}.wp-block-kadence-imageoverlay.kt-img-overlay8_21a825-b2293 .kt-image-overlay-message .image-overlay-title{color:#fff;background:rgba(0, 0, 0, 0);padding-top:0px;padding-right:0px;padding-bottom:0px;padding-left:0px;margin-top:0px;margin-right:0px;margin-bottom:10px;margin-left:0px;font-size:var(--global-kb-font-size-md, 1.25rem);font-weight:regular;font-style:normal;}.kt-img-overlay8_21a825-b2293 .kt-image-overlay-divider{border-top-color:#fff;border-top-width:1px;width:80%;border-top-style:none;}.wp-block-kadence-imageoverlay.kt-img-overlay8_21a825-b2293 .kt-image-overlay-message .image-overlay-subtitle{color:#fff;background:rgba(0, 0, 0, 0);padding-top:0px;padding-right:0px;padding-bottom:0px;padding-left:0px;margin-top:0px;margin-right:0px;margin-bottom:0px;margin-left:0px;font-size:var(--global-kb-font-size-sm, 0.9rem);font-weight:regular;font-style:normal;}@media all and (max-width: 1024px){.kt-img-overlay8_21a825-b2293 .kt-image-overlay-wrap{max-width:768px;}}@media all and (max-width: 1024px){.kt-img-overlay8_21a825-b2293 .kt-image-overlay-message{border-top:0px solid rgba(255,255,255,0.8);border-right:0px solid rgba(255,255,255,0.8);border-bottom:0px solid rgba(255,255,255,0.8);border-left:0px solid rgba(255,255,255,0.8);}}@media all and (max-width: 767px){.kt-img-overlay8_21a825-b2293 .kt-image-overlay-wrap{max-width:768px;}.kt-img-overlay8_21a825-b2293 .kt-image-overlay-message{border-top:0px solid rgba(255,255,255,0.8);border-right:0px solid rgba(255,255,255,0.8);border-bottom:0px solid rgba(255,255,255,0.8);border-left:0px solid rgba(255,255,255,0.8);}}<\/style>\n<div class=\"kt-img-overlay8_21a825-b2293 aligncenter wp-block-kadence-imageoverlay\"><div class=\"kt-image-overlay-wrap kt-over-image-zoomin\"><div class=\"kt-block-intrisic kt-over-set-ratio\"><img loading=\"lazy\" decoding=\"async\" src=\"https:\/\/bramy-garazowe24.pl\/wp-content\/uploads\/2025\/06\/54225ef2-a6a8-4a09-825e-e90ebe243433-768x576.jpeg\" alt=\"\" width=\"768\" height=\"576\" class=\"kt-img-overlay\"><div class=\"kt-image-overlay-color-wrapper\"><div class=\"kt-image-overlay-color\"><\/div><\/div><a href=\"https:\/\/bramy-garazowe24.pl\/index.php\/realizacja\/bramy-dwuskrzydlowe\/\" class=\"kt-imageoverlay-link\"><div class=\"kt-image-overlay-message kt-over-substyle-visible kt-over-valign-bottom kt-over-halign-left\"><div class=\"kt-image-overlay-inner\"><h2 class=\"image-overlay-title\">Bramy dwuskrzyd\u0142owe<\/h2><\/div><\/div><\/a><\/div><\/div><\/div>\n\n<\/li><li class=\"kb-query-item kb-query-block-post post-292 realizacja type-realizacja status-publish has-post-thumbnail hentry category-realizacje\"><div class=\"kb-query-item-flip-back\"><\/div>\n<style>.kt-img-overlay8_21a825-b2292 .kt-image-overlay-wrap{max-width:768px;overflow:hidden;}.kt-img-overlay8_21a825-b2292 .kt-image-overlay-wrap .kt-block-intrisic{padding-bottom:100%;}.kt-img-overlay8_21a825-b2292 .kt-image-overlay-wrap:has(:focus-visible) .kt-image-overlay-color-wrapper{opacity:0.3 !important;}.kt-img-overlay8_21a825-b2292 .kt-image-overlay-wrap:hover .kt-image-overlay-color-wrapper{opacity:0.3 !important;}.kt-img-overlay8_21a825-b2292 .kt-image-overlay-color{background-color:var(--global-palette3, #1A202C);opacity:1;}.kt-img-overlay8_21a825-b2292 .kt-image-overlay-message{border-top:0px solid rgba(255,255,255,0.8);border-right:0px solid rgba(255,255,255,0.8);border-bottom:0px solid rgba(255,255,255,0.8);border-left:0px solid rgba(255,255,255,0.8);inset:24px;}.wp-block-kadence-imageoverlay.kt-img-overlay8_21a825-b2292 .kt-image-overlay-message .image-overlay-title{color:#fff;background:rgba(0, 0, 0, 0);padding-top:0px;padding-right:0px;padding-bottom:0px;padding-left:0px;margin-top:0px;margin-right:0px;margin-bottom:10px;margin-left:0px;font-size:var(--global-kb-font-size-md, 1.25rem);font-weight:regular;font-style:normal;}.kt-img-overlay8_21a825-b2292 .kt-image-overlay-divider{border-top-color:#fff;border-top-width:1px;width:80%;border-top-style:none;}.wp-block-kadence-imageoverlay.kt-img-overlay8_21a825-b2292 .kt-image-overlay-message .image-overlay-subtitle{color:#fff;background:rgba(0, 0, 0, 0);padding-top:0px;padding-right:0px;padding-bottom:0px;padding-left:0px;margin-top:0px;margin-right:0px;margin-bottom:0px;margin-left:0px;font-size:var(--global-kb-font-size-sm, 0.9rem);font-weight:regular;font-style:normal;}@media all and (max-width: 1024px){.kt-img-overlay8_21a825-b2292 .kt-image-overlay-wrap{max-width:768px;}}@media all and (max-width: 1024px){.kt-img-overlay8_21a825-b2292 .kt-image-overlay-message{border-top:0px solid rgba(255,255,255,0.8);border-right:0px solid rgba(255,255,255,0.8);border-bottom:0px solid rgba(255,255,255,0.8);border-left:0px solid rgba(255,255,255,0.8);}}@media all and (max-width: 767px){.kt-img-overlay8_21a825-b2292 .kt-image-overlay-wrap{max-width:768px;}.kt-img-overlay8_21a825-b2292 .kt-image-overlay-message{border-top:0px solid rgba(255,255,255,0.8);border-right:0px solid rgba(255,255,255,0.8);border-bottom:0px solid rgba(255,255,255,0.8);border-left:0px solid rgba(255,255,255,0.8);}}<\/style>\n<div class=\"kt-img-overlay8_21a825-b2292 aligncenter wp-block-kadence-imageoverlay\"><div class=\"kt-image-overlay-wrap kt-over-image-zoomin\"><div class=\"kt-block-intrisic kt-over-set-ratio\"><img loading=\"lazy\" decoding=\"async\" src=\"https:\/\/bramy-garazowe24.pl\/wp-content\/uploads\/2025\/06\/dacf9c84-2cd7-4ac9-ba74-b09e923f2d26-768x576.jpeg\" alt=\"\" width=\"768\" height=\"576\" class=\"kt-img-overlay\"><div class=\"kt-image-overlay-color-wrapper\"><div class=\"kt-image-overlay-color\"><\/div><\/div><a href=\"https:\/\/bramy-garazowe24.pl\/index.php\/realizacja\/bramy-uchylne\/\" class=\"kt-imageoverlay-link\"><div class=\"kt-image-overlay-message kt-over-substyle-visible kt-over-valign-bottom kt-over-halign-left\"><div class=\"kt-image-overlay-inner\"><h2 class=\"image-overlay-title\">Bramy uchylne<\/h2><\/div><\/div><\/a><\/div><\/div><\/div>\n\n<\/li><li class=\"kb-query-item kb-query-block-post post-291 realizacja type-realizacja status-publish has-post-thumbnail hentry category-realizacje\"><div class=\"kb-query-item-flip-back\"><\/div>\n<style>.kt-img-overlay8_21a825-b2291 .kt-image-overlay-wrap{max-width:768px;overflow:hidden;}.kt-img-overlay8_21a825-b2291 .kt-image-overlay-wrap .kt-block-intrisic{padding-bottom:100%;}.kt-img-overlay8_21a825-b2291 .kt-image-overlay-wrap:has(:focus-visible) .kt-image-overlay-color-wrapper{opacity:0.3 !important;}.kt-img-overlay8_21a825-b2291 .kt-image-overlay-wrap:hover .kt-image-overlay-color-wrapper{opacity:0.3 !important;}.kt-img-overlay8_21a825-b2291 .kt-image-overlay-color{background-color:var(--global-palette3, #1A202C);opacity:1;}.kt-img-overlay8_21a825-b2291 .kt-image-overlay-message{border-top:0px solid rgba(255,255,255,0.8);border-right:0px solid rgba(255,255,255,0.8);border-bottom:0px solid rgba(255,255,255,0.8);border-left:0px solid rgba(255,255,255,0.8);inset:24px;}.wp-block-kadence-imageoverlay.kt-img-overlay8_21a825-b2291 .kt-image-overlay-message .image-overlay-title{color:#fff;background:rgba(0, 0, 0, 0);padding-top:0px;padding-right:0px;padding-bottom:0px;padding-left:0px;margin-top:0px;margin-right:0px;margin-bottom:10px;margin-left:0px;font-size:var(--global-kb-font-size-md, 1.25rem);font-weight:regular;font-style:normal;}.kt-img-overlay8_21a825-b2291 .kt-image-overlay-divider{border-top-color:#fff;border-top-width:1px;width:80%;border-top-style:none;}.wp-block-kadence-imageoverlay.kt-img-overlay8_21a825-b2291 .kt-image-overlay-message .image-overlay-subtitle{color:#fff;background:rgba(0, 0, 0, 0);padding-top:0px;padding-right:0px;padding-bottom:0px;padding-left:0px;margin-top:0px;margin-right:0px;margin-bottom:0px;margin-left:0px;font-size:var(--global-kb-font-size-sm, 0.9rem);font-weight:regular;font-style:normal;}@media all and (max-width: 1024px){.kt-img-overlay8_21a825-b2291 .kt-image-overlay-wrap{max-width:768px;}}@media all and (max-width: 1024px){.kt-img-overlay8_21a825-b2291 .kt-image-overlay-message{border-top:0px solid rgba(255,255,255,0.8);border-right:0px solid rgba(255,255,255,0.8);border-bottom:0px solid rgba(255,255,255,0.8);border-left:0px solid rgba(255,255,255,0.8);}}@media all and (max-width: 767px){.kt-img-overlay8_21a825-b2291 .kt-image-overlay-wrap{max-width:768px;}.kt-img-overlay8_21a825-b2291 .kt-image-overlay-message{border-top:0px solid rgba(255,255,255,0.8);border-right:0px solid rgba(255,255,255,0.8);border-bottom:0px solid rgba(255,255,255,0.8);border-left:0px solid rgba(255,255,255,0.8);}}<\/style>\n<div class=\"kt-img-overlay8_21a825-b2291 aligncenter wp-block-kadence-imageoverlay\"><div class=\"kt-image-overlay-wrap kt-over-image-zoomin\"><div class=\"kt-block-intrisic kt-over-set-ratio\"><img loading=\"lazy\" decoding=\"async\" src=\"https:\/\/bramy-garazowe24.pl\/wp-content\/uploads\/2025\/06\/a04b17c1-db80-4e06-ae58-e45cba347b99-768x576.jpeg\" alt=\"\" width=\"768\" height=\"576\" class=\"kt-img-overlay\"><div class=\"kt-image-overlay-color-wrapper\"><div class=\"kt-image-overlay-color\"><\/div><\/div><a href=\"https:\/\/bramy-garazowe24.pl\/index.php\/realizacja\/garaze\/\" class=\"kt-imageoverlay-link\"><div class=\"kt-image-overlay-message kt-over-substyle-visible kt-over-valign-bottom kt-over-halign-left\"><div class=\"kt-image-overlay-inner\"><h2 class=\"image-overlay-title\">Gara\u017ce<\/h2><\/div><\/div><\/a><\/div><\/div><\/div>\n\n<\/li><\/ul><\/div>\n<\/div>","protected":false},"excerpt":{"rendered":"<p>POZNAJ NAS Nasze realizacje Setki zadowolonych klient\u00f3w w ca\u0142ej Polsce ju\u017c korzysta z naszych bram i gara\u017cy. Ka\u017cda realizacja to dla nas priorytet i zobowi\u0105zanie do najwy\u017cszej jako\u015bci wykonania oraz terminowego monta\u017cu.<\/p>\n","protected":false},"author":1,"featured_media":0,"parent":0,"menu_order":0,"comment_status":"closed","ping_status":"closed","template":"","meta":{"_acf_changed":false,"_kad_blocks_custom_css":"","_kad_blocks_head_custom_js":"","_kad_blocks_body_custom_js":"","_kad_blocks_footer_custom_js":"","_kad_post_transparent":"disable","_kad_post_title":"hide","_kad_post_layout":"fullwidth","_kad_post_sidebar_id":"","_kad_post_content_style":"unboxed","_kad_post_vertical_padding":"hide","_kad_post_feature":"","_kad_post_feature_position":"","_kad_post_header":false,"_kad_post_footer":false,"_kad_post_classname":"","footnotes":""},"class_list":["post-20","page","type-page","status-publish","hentry"],"acf":[],"taxonomy_info":[],"featured_image_src_large":false,"author_info":{"display_name":"michal","author_link":"https:\/\/bramy-garazowe24.pl\/author\/michal\/"},"comment_info":0,"_links":{"self":[{"href":"https:\/\/bramy-garazowe24.pl\/index.php\/wp-json\/wp\/v2\/pages\/20","targetHints":{"allow":["GET"]}}],"collection":[{"href":"https:\/\/bramy-garazowe24.pl\/index.php\/wp-json\/wp\/v2\/pages"}],"about":[{"href":"https:\/\/bramy-garazowe24.pl\/index.php\/wp-json\/wp\/v2\/types\/page"}],"author":[{"embeddable":true,"href":"https:\/\/bramy-garazowe24.pl\/index.php\/wp-json\/wp\/v2\/users\/1"}],"replies":[{"embeddable":true,"href":"https:\/\/bramy-garazowe24.pl\/index.php\/wp-json\/wp\/v2\/comments?post=20"}],"version-history":[{"count":3,"href":"https:\/\/bramy-garazowe24.pl\/index.php\/wp-json\/wp\/v2\/pages\/20\/revisions"}],"predecessor-version":[{"id":394,"href":"https:\/\/bramy-garazowe24.pl\/index.php\/wp-json\/wp\/v2\/pages\/20\/revisions\/394"}],"wp:attachment":[{"href":"https:\/\/bramy-garazowe24.pl\/index.php\/wp-json\/wp\/v2\/media?parent=20"}],"curies":[{"name":"wp","href":"https:\/\/api.w.org\/{rel}","templated":true}]}}